digit of 81821375?
8
What is the hundreds digit of 90567236?
2
What is the hundreds digit of 269398706?
7
What is the hundred thousands digit of 22798802?
7
What is the thousands digit of 144136?
4
What is the millions digit of 74421982?
4
What is the ten millions digit of 4578919574?
7
What is the hundred millions digit of 328933605?
3
What is the millions digit of 26289473?
6
What is the hundreds digit of 299623776?
7
What is the ten thousands digit of 147037858?
3
What is the hundred thousands digit of 1333453267?
4
What is the billions digit of 1461432559?
1
What is the hundred thousands digit of 863940223?
9
What is the millions digit of 296953075?
6
What is the units digit of 695603386?
6
What is the hundred thousands digit of 1147519270?
5
What is the hundred millions digit of 1746061746?
7
What is the ten thousands digit of 507994360?
9
What is the millions digit of 986188527?
6
What is the hundreds digit of 1678312184?
1
What is the ten millions digit of 1507203135?
0
What is the ten millions digit of 11869398?
1
What is the hundreds digit of 3027404511?
5
What is the millions digit of 439262948?
9
What is the thousands digit of 835155626?
5
What is the hundred thousands digit of 1549585?
5
What is the billions digit of 5421119828?
5
What is the hundred thousands digit of 545871111?
8
What is the ten thousands digit of 1006675690?
7
What is the hundred thousands digit of 793013047?
0
What is the ten thousands digit of 207961695?
6
What is the millions digit of 6824371575?
4
What is the units digit of 360819104?
4
What is the ten thousands digit of 70415156?
1
What is the ten millions digit of 31772389?
3
What is the hundred thousands digit of 85345107?
3
What is the thousands digit of 158094604?
4
What is the ten thousands digit of 3661016737?
1
What is the millions digit of 38275340?
8
What is the hundred thousands digit of 985804184?
8
What is the ten thousands digit of 278836994?
3
What is the millions digit of 725343762?
5
What is the thousands digit of 266480472?
0
What is the hundreds digit of 1126683611?
6
What is the thousands digit of 2662168114?
8
What is the hundred thousands digit of 755649217?
6
What is the ten thousands digit of 39798124?
9
What is the billions digit of 7036629720?
7
What is the units digit of 8884883510?
0
What is the hundred thousands digit of 89026051?
0
What is the hundred thousands digit of 200303239?
3
What is the hundreds digit of 22237420?
4
What is the units digit of 5108694496?
6
What is the millions digit of 9161881?
9
What is the tens digit of 13125698?
9
What is the thousands digit of 531024003?
4
What is the millions digit of 60878431?
0
What is the hundred millions digit of 242690896?
2
What is the tens digit of 77470668?
6
What is the hundred millions digit of 1021336093?
0
What is the millions digit of 65525691?
5
What is the hundreds digit of 827216079?
0
What is the hundred millions digit of 121218569?
1
What is the millions digit of 491220087?
1
What is the hundred thousands digit of 1371491621?
4
What is the hundred millions digit of 839070148?
8
What is the ten millions digit of 90901179?
9
What is the thousands digit of 4927765208?
5
What is the hundred thousands digit of 111753318?
7
What is the hundred thousands digit of 4719807?
7
What is the thousands digit of 367256961?
6
What is the ten thousands digit of 68141037?
4
What is the hundreds digit of 29843711?
7
What is the hundreds digit of 61053058?
0
What is the tens digit of 101315691?
9
What is the hundred millions digit of 222228639?
2
What is the ten thousands digit of 991460795?
6
What is the billions digit of 5650881495?
5
What is the tens digit of 3706750754?
5
What is the thousands digit of 46765360?
5
What is the units digit of 532686336?
6
What is the units digit of 310036805?
5
What is the hundred millions digit of 306179111?
3
What is the thousands digit of 3847725638?
5
What is the hundred thousands digit of 1005184296?
1
What is the hundred thousands digit of 310649732?
6
What is the ten thousands digit of 3321432090?
3
What is the millions digit of 4451196028?
1
What is the units digit of 611471616?
6
What is the units digit of 286068449?
9
What is the thousands digit of 59158043?
8
What is the hundred thousands digit of 1124083030?
0
What is the units digit of 95669381?
1
What is the thousands digit of 581804?
1
What is the units digit of 5107451934?
4
What is the thousands digit of 91292979?
2
What is the thousands digit of 715632923?
2
What is the thousands digit of 63884733?
4
What is the thousands digit of 35058990?
8
What is the hundreds digit of 440412479?
4
What is the thousands digit of 298450533?
0
What is the ten millions digit of 71096369?
7
What is the units digit of 3481755884?
4
What is the ten millions digit of 78449018?
7
What is the units digit of 58770616?
6
What is the tens digit of 79339870?
7
What is the hundred thousands digit of 504328244?
3
What is the hundred thousands digit of 23465816?
4
What is the tens digit of 721264779?
7
What is the hundreds digit of 58559968?
9
What is the millions digit of 876995075?
6
What is the hundred thousands digit of 56341415?
3
What is the ten thousands digit of 766843148?
4
What is the thousands digit of 1691365983?
5
What is the ten thousands digit of 346982226?
8
What is the ten thousands digit of 1674937184?
3
What is the units digit of 30430302?
2
What is the ten thousands digit of 221967576?
6
What is the ten millions digit of 206944900?
0
What is the ten thousands digit of 151251654?
5
What is the ten thousands digit of 213359453?
5
What is the thousands digit of 251919517?
9
What is the ten thousands digit of 25050147?
5
What is the hundred thousands digit of 9008707?
0
What is the ten millions digit of 4240612332?
4
What is the hundreds digit of 20544108?
1
What is the hundred thousands digit of 9067357?
0
What is the thousands digit of 280724457?
4
What is the tens digit of 41926446?
4
What is the hundred millions digit of 173700724?
1
What is the ten millions digit of 775411282?
7
What is the ten thousands digit of 79377568?
7
What is the hundred millions digit of 280359232?
2
What is the tens digit of 3111065158?
5
What is the thousands digit of 1884719661?
9
What is the millions digit of 2467708860?
7
What is the tens digit of 170852913?
1
What is the hundreds digit of 6972415?
4
What is the thousands digit of 413276930?
6
What is the hundred millions digit of 1293057758?
2
What is the billions digit of 8745574463?
8
What is the units digit of 12021025?
5
What is the tens digit of 39309998?
9
What is the ten thousands digit of 25371713?
7
What is the ten millions digit of 993623287?
9
What is the tens digit of 351305821?
2
What is the units digit of 618113774?
4
What is the millions digit of 23180521?
3
What is the thousands digit of 1105138541?
8
What is the units digit of 5918392?
2
What is the units digit of 159026518?
8
What is the ten millions digit of 132212232?
3
What is the hundreds digit of 110360897?
8
What is the thousands digit of 16962459?
2
What is the thousands digit of 206906921?
6
What is the thousands digit of 3755017869?
7
What is the ten thousands digit of 12565760?
6
What is the millions digit of 79617074?
9
What is the tens digit of 267045693?
9
What is the ten millions digit of 117262480?
1
What is the hundred thousands digit of 1585927722?
9
What is the millions digit of 18268025?
8
What is the tens digit of 77689565?
6
What is the hundred thousands digit of 1630603949?
6
What is the units digit of 2004451066?
6
What is the ten millions digit of 1755892898?
5
What is the ten thousands digit of 1438385579?
8
What is the hundred thousands digit of 332776790?
7
What is the billions digit of 2027193019?
2
What is the units digit of 237926378?
8
What is the hundred millions digit of 1576411263?
5
What is the hundred millions digit of 215792551?
2
What is the hundred thousands digit of 2445193144?
1
What is the units digit of 93781087?
7
What is the tens digit of 127071103?
0
What is the millions digit of 572679998?
2
What is the hundreds digit of 2233372054?
0
What is the hundred thousands digit of 5539659?
5
What is the ten thousands digit of 1178174657?
7
What is the millions digit of 836059779?
6
What is the hundr